{"id":46,"date":"2018-04-01T16:42:00","date_gmt":"2018-04-01T16:42:00","guid":{"rendered":"http:\/\/thoelke-engineering.de\/?page_id=46"},"modified":"2024-12-27T16:16:40","modified_gmt":"2024-12-27T16:16:40","slug":"visualisierung-und-leittechnik","status":"publish","type":"page","link":"https:\/\/thoelke-engineering.de\/?page_id=46","title":{"rendered":"Visualisierung und Leittechnik"},"content":{"rendered":"<p><!--more--><\/p>\n<p><img fetchpriority=\"high\" decoding=\"async\" class=\" wp-image-85 alignright\" src=\"http:\/\/thoelke-engineering.de\/wp-content\/uploads\/2018\/04\/picvisu-300x226.gif\" alt=\"\" width=\"429\" height=\"322\" \/><\/p>\n<h3 data-pm-slice=\"1 1 []\">Visualisierung und Leittechnik<\/h3>\n<h4>Expertise in Prozessleitsystemen und Visualisierungsl\u00f6sungen<\/h4>\n<p>Wir sind spezialisiert auf die Beratung, Projektplanung und Umsetzung von Visualisierungssystemen f\u00fcr die Bedienung und \u00dcberwachung von Maschinen und Anlagen. Unsere Dienstleistungen gew\u00e4hrleisten Effizienz, Transparenz und Benutzerfreundlichkeit.<\/p>\n<div>\n<hr \/>\n<\/div>\n<h4>Unsere L\u00f6sungen im \u00dcberblick<\/h4>\n<p>Wir realisieren Projekte mit den f\u00fchrenden Systemen der Branche:<\/p>\n<ul data-spread=\"false\">\n<li><strong>Win-CC<\/strong><\/li>\n<li><strong>ProTool<\/strong><\/li>\n<li><strong>In-Touch<\/strong><\/li>\n<li><strong>Citect<\/strong><\/li>\n<li><strong>Procon-Win<\/strong><\/li>\n<\/ul>\n<div>\n<hr \/>\n<\/div>\n<h4>Unser Leistungsportfolio<\/h4>\n<ul data-spread=\"false\">\n<li><strong>Erarbeitung von Lasten- und Pflichtenheften:<\/strong> Klare und strukturierte Dokumentation als Grundlage f\u00fcr erfolgreiche Projekte.<\/li>\n<li><strong>Auswahl von Prozessleitsystemen:<\/strong> Unterst\u00fctzung bei der Auswahl der optimalen Systeme f\u00fcr Ihre Anforderungen.<\/li>\n<li><strong>Projektierung:<\/strong> Pr\u00e4zise Planung und Umsetzung f\u00fcr ma\u00dfgeschneiderte L\u00f6sungen.<\/li>\n<li><strong>Inbetriebnahme:<\/strong> Reibungslose Integration und Start der Visualisierungssysteme.<\/li>\n<li><strong>Personalschulung:<\/strong> Praxisnahe Schulungen f\u00fcr eine effiziente Nutzung der Systeme.<\/li>\n<li><strong>Wartung und Instandhaltung:<\/strong> Zuverl\u00e4ssige Betreuung f\u00fcr langfristige Systemstabilit\u00e4t.<\/li>\n<\/ul>\n<p>&nbsp;<\/p>\n","protected":false},"excerpt":{"rendered":"","protected":false},"author":1,"featured_media":51,"parent":0,"menu_order":0,"comment_status":"closed","ping_status":"closed","template":"","meta":{"footnotes":""},"class_list":["post-46","page","type-page","status-publish","has-post-thumbnail","hentry"],"_links":{"self":[{"href":"https:\/\/thoelke-engineering.de\/index.php?rest_route=\/wp\/v2\/pages\/46","targetHints":{"allow":["GET"]}}],"collection":[{"href":"https:\/\/thoelke-engineering.de\/index.php?rest_route=\/wp\/v2\/pages"}],"about":[{"href":"https:\/\/thoelke-engineering.de\/index.php?rest_route=\/wp\/v2\/types\/page"}],"author":[{"embeddable":true,"href":"https:\/\/thoelke-engineering.de\/index.php?rest_route=\/wp\/v2\/users\/1"}],"replies":[{"embeddable":true,"href":"https:\/\/thoelke-engineering.de\/index.php?rest_route=%2Fwp%2Fv2%2Fcomments&post=46"}],"version-history":[{"count":5,"href":"https:\/\/thoelke-engineering.de\/index.php?rest_route=\/wp\/v2\/pages\/46\/revisions"}],"predecessor-version":[{"id":273,"href":"https:\/\/thoelke-engineering.de\/index.php?rest_route=\/wp\/v2\/pages\/46\/revisions\/273"}],"wp:featuredmedia":[{"embeddable":true,"href":"https:\/\/thoelke-engineering.de\/index.php?rest_route=\/wp\/v2\/media\/51"}],"wp:attachment":[{"href":"https:\/\/thoelke-engineering.de\/index.php?rest_route=%2Fwp%2Fv2%2Fmedia&parent=46"}],"curies":[{"name":"wp","href":"https:\/\/api.w.org\/{rel}","templated":true}]}}