{"id":15,"date":"2018-04-01T16:05:04","date_gmt":"2018-04-01T16:05:04","guid":{"rendered":"http:\/\/thoelke-engineering.de\/?page_id=15"},"modified":"2024-12-27T16:57:27","modified_gmt":"2024-12-27T16:57:27","slug":"sachverstaendiger","status":"publish","type":"page","link":"https:\/\/thoelke-engineering.de\/?page_id=15","title":{"rendered":"Sachverst\u00e4ndiger"},"content":{"rendered":"\t\t<div data-elementor-type=\"wp-page\" data-elementor-id=\"15\" class=\"elementor elementor-15\">\n\t\t\t\t<div class=\"elementor-element elementor-element-27f15f83 e-flex e-con-boxed e-con e-parent\" data-id=\"27f15f83\" data-element_type=\"container\">\n\t\t\t\t\t<div class=\"e-con-inner\">\n\t\t\t\t<div class=\"elementor-element elementor-element-1a15cb1 elementor-widget elementor-widget-image\" data-id=\"1a15cb1\" data-element_type=\"widget\" data-widget_type=\"image.default\">\n\t\t\t\t<div class=\"elementor-widget-container\">\n\t\t\t\t\t\t\t\t\t\t\t\t\t\t\t<img fetchpriority=\"high\" decoding=\"async\" width=\"800\" height=\"268\" src=\"https:\/\/thoelke-engineering.de\/wp-content\/uploads\/2018\/04\/161b23e89b5-e1522661516531-1024x343.jpg\" class=\"attachment-large size-large wp-image-79\" alt=\"\" srcset=\"https:\/\/thoelke-engineering.de\/wp-content\/uploads\/2018\/04\/161b23e89b5-e1522661516531-1024x343.jpg 1024w, https:\/\/thoelke-engineering.de\/wp-content\/uploads\/2018\/04\/161b23e89b5-e1522661516531-300x101.jpg 300w, https:\/\/thoelke-engineering.de\/wp-content\/uploads\/2018\/04\/161b23e89b5-e1522661516531-768x258.jpg 768w\" sizes=\"(max-width: 800px) 100vw, 800px\" \/>\t\t\t\t\t\t\t\t\t\t\t\t\t\t\t<\/div>\n\t\t\t\t<\/div>\n\t\t\t\t<div class=\"elementor-element elementor-element-76bf87bc elementor-widget elementor-widget-text-editor\" data-id=\"76bf87bc\" data-element_type=\"widget\" data-widget_type=\"text-editor.default\">\n\t\t\t\t<div class=\"elementor-widget-container\">\n\t\t\t\t\t\t\t\t\t<p>\u00a0<\/p><h3 data-pm-slice=\"1 1 []\"><span style=\"color: var( --e-global-color-primary ); font-family: var( --e-global-typography-392b9e0-font-family ), Sans-serif; font-size: var( --e-global-typography-392b9e0-font-size ); font-style: var( --e-global-typography-392b9e0-font-style ); font-weight: var( --e-global-typography-392b9e0-font-weight ); letter-spacing: var( --e-global-typography-392b9e0-letter-spacing ); text-transform: var( --e-global-typography-392b9e0-text-transform ); text-align: var(--text-align); background-color: var( --e-global-color-c696dce );\">Bedeutung von Sachverst\u00e4ndigen<\/span><\/h3><p>In unserer technisierten und arbeitsteiligen Gesch\u00e4ftswelt sind Sachverst\u00e4ndige unverzichtbar. Sie unterst\u00fctzen Gerichte, Beh\u00f6rden, Unternehmen und Privatpersonen bei der Kl\u00e4rung technischer und fachlicher Fragen. Ob bei Mietstreitigkeiten, Bausch\u00e4den, Verkehrsunf\u00e4llen, fehlerhafter Handwerksarbeit oder M\u00e4ngeln an gekauften Produkten \u2013 oft bringt nur ein Sachverst\u00e4ndigengutachten Klarheit.<\/p><div><hr \/><\/div><h4>Beauftragung eines \u00f6ffentlich bestellten Sachverst\u00e4ndigen<\/h4><p>Grunds\u00e4tzlich kann jede Person gegen Verg\u00fctung einen Sachverst\u00e4ndigen mit der Erstellung eines Gutachtens beauftragen. Typische Anwendungsf\u00e4lle sind:<\/p><ul data-spread=\"false\"><li><p>Bewertung des Wertes von Maschinen oder Anlagen<\/p><\/li><li><p>Beurteilung der Mangelhaftigkeit von Lieferungen oder Leistungen<\/p><\/li><li><p>Feststellung der Einhaltung von Vorschriften und Normen<\/p><\/li><li><p>Untersuchung von Fehlern bei Montagen<\/p><\/li><li><p>Schadensanalyse nach einem Brand in einer Anlage<\/p><\/li><li><p>Ermittlung von Unfallsch\u00e4den<\/p><\/li><\/ul><div><hr \/><\/div><h4>Kosten eines Sachverst\u00e4ndigen<\/h4><p>Die Kosten h\u00e4ngen davon ab, ob der Sachverst\u00e4ndige vom Gericht oder von privater Seite beauftragt wird.<\/p><p><strong>Gerichtsauftrag:<\/strong> Wird der Sachverst\u00e4ndige durch ein Gericht oder die Staatsanwaltschaft beauftragt, gilt ausschlie\u00dflich das JVEG (Justizverg\u00fctungs- und Entsch\u00e4digungsgesetz).<\/p><p><strong>Privatauftrag:<\/strong> Bei einer Beauftragung durch private Auftraggeber (z. B. Verbraucher, Unternehmen oder Rechtsanw\u00e4lte) m\u00fcssen Umfang und H\u00f6he des Honorars vertraglich mit dem Sachverst\u00e4ndigen vereinbart werden.<\/p><p>\u00a0<\/p>\t\t\t\t\t\t\t\t<\/div>\n\t\t\t\t<\/div>\n\t\t\t\t\t<\/div>\n\t\t\t\t<\/div>\n\t\t\t\t<\/div>\n\t\t","protected":false},"excerpt":{"rendered":"<p>\u00a0 Bedeutung von Sachverst\u00e4ndigen In unserer technisierten und arbeitsteiligen Gesch\u00e4ftswelt sind Sachverst\u00e4ndige unverzichtbar. Sie unterst\u00fctzen Gerichte, Beh\u00f6rden, Unternehmen und Privatpersonen bei der Kl\u00e4rung technischer und fachlicher Fragen. Ob bei Mietstreitigkeiten, Bausch\u00e4den, Verkehrsunf\u00e4llen, fehlerhafter Handwerksarbeit oder M\u00e4ngeln an gekauften Produkten \u2013 oft bringt nur ein Sachverst\u00e4ndigengutachten Klarheit. Beauftragung eines \u00f6ffentlich bestellten Sachverst\u00e4ndigen Grunds\u00e4tzlich kann jede Person [&hellip;]<\/p>\n","protected":false},"author":1,"featured_media":0,"parent":0,"menu_order":0,"comment_status":"closed","ping_status":"closed","template":"","meta":{"footnotes":""},"class_list":["post-15","page","type-page","status-publish","hentry"],"_links":{"self":[{"href":"https:\/\/thoelke-engineering.de\/index.php?rest_route=\/wp\/v2\/pages\/15","targetHints":{"allow":["GET"]}}],"collection":[{"href":"https:\/\/thoelke-engineering.de\/index.php?rest_route=\/wp\/v2\/pages"}],"about":[{"href":"https:\/\/thoelke-engineering.de\/index.php?rest_route=\/wp\/v2\/types\/page"}],"author":[{"embeddable":true,"href":"https:\/\/thoelke-engineering.de\/index.php?rest_route=\/wp\/v2\/users\/1"}],"replies":[{"embeddable":true,"href":"https:\/\/thoelke-engineering.de\/index.php?rest_route=%2Fwp%2Fv2%2Fcomments&post=15"}],"version-history":[{"count":8,"href":"https:\/\/thoelke-engineering.de\/index.php?rest_route=\/wp\/v2\/pages\/15\/revisions"}],"predecessor-version":[{"id":315,"href":"https:\/\/thoelke-engineering.de\/index.php?rest_route=\/wp\/v2\/pages\/15\/revisions\/315"}],"wp:attachment":[{"href":"https:\/\/thoelke-engineering.de\/index.php?rest_route=%2Fwp%2Fv2%2Fmedia&parent=15"}],"curies":[{"name":"wp","href":"https:\/\/api.w.org\/{rel}","templated":true}]}}